*n**2 - 13. What is s(26)?
-13
Let k(z) = -z**3 + 7*z**2 + 5*z - 37. Give k(7).
-2
Let c(n) = -2*n + 8. What is c(2)?
4
Let k(f) = -13*f - 242. What is k(-14)?
-60
Let s(r) = 2*r + 26. Calculate s(-9).
8
Let x(z) = z**3 + 10*z**2 + 6*z - 10. Give x(-9).
17
Let s(y) = 145*y + 141. Give s(-1).
-4
Let d(h) = h**2 + 8*h - 8. Determine d(-10).
12
Let l(q) = q**2 + 5*q - 5. Give l(-7).
9
Let o(h) = 2*h**3 - 2*h**2 - h + 7. Calculate o(4).
99
Let h(d) = -d**3 + 4*d + 3. Give h(3).
-12
Let y(u) = -u**3 - 8*u**2 - u - 1. Give y(-5).
-71
Let s(o) = o**3 - 5*o**2 - o + 3. Give s(5).
-2
Let p(l) = l**3 + 6*l**2 - 24*l - 63. Calculate p(-8).
1
Let i(v) = v - 17. Calculate i(6).
-11
Let h(z) = -6*z**2 + 4*z. Calculate h(3).
-42
Let r(o) = 297*o - 2081. What is r(7)?
-2
Let a(v) = v**2 - 45*v - 5. What is a(45)?
-5
Let w(c) = -c**3 - 6*c**2 - 2*c + 7. Give w(-4).
-17
Let v(b) = -b**3 + 9*b**2 - 7*b. Give v(8).
8
Let m(l) = -l + 15. Determine m(12).
3
Let l(f) = -f**3 - 10*f**2 + 10*f - 10. Calculate l(-11).
1
Let a(v) = v**3 + 5*v**2 - 6*v + 8. Calculate a(-6).
8
Let k(r) = -r**2 + 13*r + 109. Determine k(-6).
-5
Let s(d) = -6*d + 3. What is s(2)?
-9
Let g(r) = -r**2 + 24*r + 347. What is g(-10)?
7
Let s(x) = -x**2 - 17*x - 64. Calculate s(-6).
2
Let b(h) = h**3 - 10*h**2 + 12*h - 15. Calculate b(9).
12
Let i(d) = 31*d**3 - d - 1. Determine i(-1).
-31
Let g(o) = -20*o + 102. Give g(6).
-18
Let z(b) = b**3 - 3*b**2 - 4*b - 3. Give z(4).
-3
Let b(u) = -u**2 + 5*u + 6. Calculate b(7).
-8
Let y(v) = v**3 + 6*v**2 + 6*v - 2. Give y(-3).
7
Let f(g) = -19*g**2 - 2*g - 3. Determine f(-1).
-20
Let n(a) = -a - 34. What is n(9)?
-43
Let h(l) = -9*l - 74. Give h(-8).
-2
Let w(t) = 10*t + 263. What is w(-27)?
-7
Let k(p) = p**3 + 15*p**2 - 2*p - 17. Determine k(-15).
13
Let d(p) = 4*p**2 - 27*p + 16. Give d(8).
56
Let d(s) = -2*s**3 - 10*s**2 - 16*s - 6. Calculate d(-6).
162
Let o(b) = b**3 + 7*b**2 + 9*b - 2. Determine o(-5).
3
Let r(d) = 2*d**2 - 15*d - 24. Give r(9).
3
Let z(m) = -4*m**2 + m + 3. Calculate z(4).
-57
Let u(w) = -w**3 + w**2 + w + 2. What is u(0)?
2
Let h(b) = b. Calculate h(5).
5
Let y(b) = b**3 - 2*b**2 + b - 35. Calculate y(4).
1
Let q(r) = 2*r**2 - 3*r. What is q(-4)?
44
Let c(s) = 5*s - 7. Give c(2).
3
Let s(u) = -u**3 + 7*u**2 + 60*u - 5. Give s(12).
-5
Let d(j) = 2*j**3 - 12*j**2 - 13*j - 5. Determine d(7).
2
Let o(d) = -d**3 + 13*d**2 + 2*d - 32. What is o(13)?
-6
Let n(y) = 9*y**2 - 4*y + 3. What is n(2)?
31
Let v(h) = -h**3 + h**2 - 112. Calculate v(0).
-112
Let w(q) = q**2 + 19*q + 3. Determine w(-20).
23
Let i(l) = 2*l - 3. What is i(8)?
13
Let u(v) = -2*v**3 - 4*v**2 + 3. What is u(-3)?
21
Let y(o) = 5*o - 85. Determine y(0).
-85
Let d(q) = -q**3 + q**2 - 2*q + 42. Determine d(0).
42
Let w(c) = c**3 + 6*c**2 + 6*c + 2. What is w(-4)?
10
Let h(j) = j**3 - 9*j**2 + 7*j + 19. What is h(8)?
11
Let j(d) = -3*d**2 - 5*d + 2. What is j(4)?
-66
Let d(f) = 2*f**2 + 21*f + 30. What is d(-9)?
3
Let n(p) = 17*p + 89. Determine n(-6).
-13
Let b(n) = -n**2 + 6*n - 4. Give b(5).
1
Let b(y) = y - 17. Calculate b(8).
-9
Let m(z) = -z**3 - 23*z**2 - 53*z + 145. Give m(-20).
5
Let z(d) = -11*d - 314. Calculate z(-29).
5
Let s(q) = -q**3 - 9*q**2 + 57*q + 12. Determine s(-13).
-53
Let h(c) = c**3 - 10*c**2 - 22*c - 226. Calculate h(13).
-5
Let t(w) = 14*w + 101. What is t(-8)?
-11
Let v(s) = s**2 - 28*s - 235. Give v(-7).
10
Let n(x) = -x**2 + 19*x - 67. Determine n(5).
3
Let i(a) = -a**3 - 17*a**2 - 32*a - 253. Determine i(-16).
3
Let j(f) = -f**3 - 7*f**2 - 9*f + 9. Determine j(-5).
4
Let t(w) = -w**3 - 19*w**2 + 19*w - 28. Calculate t(-20).
-8
Let q(d) = -d**3 + 15*d**2 - 14*d + 5. Determine q(14).
5
Let n(q) = -q**3 - 3*q**2 + 55*q - 12. What is n(-9)?
-21
Let j(v) = v - 23. Determine j(14).
-9
Let d(o) = -o**2 + 7*o + 4. Give d(9).
-14
Let x(n) = 2*n**2 + 5*n - 47. Give x(-6).
-5
Let x(s) = s**2 + 13*s - 37. Give x(-15).
-7
Let b(o) = 2*o + 12. Give b(-9).
-6
Let n(l) = 53*l + 45. Give n(-3).
-114
Let n(q) = q**3 - 9*q**2 + 4*q - 13. Determine n(9).
23
Let n(w) = -w**2 + 12*w + 5. Calculate n(12).
5
Let d(a) = 9*a - 4. Calculate d(-1).
-13
Let d(v) = 6*v**2 - v. Give d(2).
22
Let p(y) = 3*y**2 - 5*y - 3. What is p(5)?
47
Let h(c) = -19*c - 15. Determine h(-7).
118
Let f(w) = -7*w + 53. What is f(8)?
-3
Let b(o) = 12*o - 2. Give b(1).
10
Let x(b) = b**2 - 9*b - 8. What is x(10)?
2
Let u(d) = -26*d**3 + d**2 + 2*d - 2. Determine u(1).
-25
Let d(i) = 4*i**2 + 14*i - 7. Determine d(-7).
91
Let z(x) = -8*x - 10. Give z(-3).
14
Let j(f) = f**3. Determine j(-1).
-1
Let a(w) = -w**3 - 31*w**2 - 30*w + 13. Calculate a(-30).
13
Let s(j) = 11*j + 136. Give s(-9).
37
Let b(q) = q**2 - q - 2. Give b(-1).
0
Let g(r) = -6*r - 39. What is g(-10)?
21
Let m(g) = 2*g**2 - 29*g - 69. Calculate m(-2).
-3
Let a(v) = -5*v**2 - 2. Give a(-2).
-22
Let b(f) = -f**3 + 7*f**2 - 14*f + 11. Calculate b(5).
-9
Let t(d) = d**3 - 2*d**2 + 14*d + 7. Give t(0).
7
Let j(s) = -s**3 - 9*s**2 - 9*s + 1. Determine j(-7).
-34
Let p(a) = 12*a + 26. What is p(2)?
50
Let h(a) = a**3 - 33*a**2 - 34*a + 19. Give h(34).
19
Let g(h) = h**2 + 9*h + 17. What is g(-7)?
3
Let b(f) = -2*f - 5. Calculate b(-5).
5
Let c(x) = x**3 + 5*x**2 + 6*x + 49. Determine c(-6).
-23
Let u(n) = 27*n - 13. Calculate u(-4).
-121
Let i(a) = 2*a - 13. Give i(8).
3
Let b(k) = 15*k**2 + 2*k - 1. Determine b(-2).
55
Let j(l) = l - 4. Give j(12).
8
Let l(k) = -3*k**3 + 2*k**2 - k - 3. Give l(3).
-69
Let b(m) = 2*m**3 + 9*m**2 - 8*m - 17. Give b(-5).
-2
Let y(t) = -t**2 - 14*t - 9. Determine y(-14).
-9
Let h(f) = f**3 + 4*f**2 - 15*f - 13. Determine h(-6).
5
Let i(f) = -3*f**2 - 2*f + 6. Calculate i(-3).
-15
Let n(s) = 2*s + 4. Give n(5).
14
Let p(n) = n + 5. Determine p(0).
5
Let h(q) = -6*q - 212. Give h(-34).
-8
Let x(h) = -4*h + 99. Calculate x(26).
-5
Let r(d) = -d**2 + 6*d + 6. Calculate r(7).
-1
Let g(x) = x**3 - 9*x**2 - 34*x - 18. Calculate g(12).
6
Let h(m) = m**2 - 3*m. Calculate h(3).
0
Let x(m) = m + 3. Give x(-2).
1
Let v(h) = h**3 + 3*h**2 - 12*h - 11. Give v(-5).
-1
Let p(m) = -2*m + 6. What is p(-6)?
18
Let x(m) = m**3 - 9*m**2 + 20*m - 6. Give x(6).
6
Let f(v) = -v - 19. Give f(9).
-28
Let t(j) = -j**2 + 30*j + 452. Calculate t(-11).
1
Let p(o) = o + 14. What is p(0)?
14
Let t(y) = y + 3. What is t(-14)?
-11
Let x(q) = q**2 - 4*q + 3. What is x(3)?
0
Let d(w) = w**3 - 14*w**2 - 2*w + 30. Give d(14).
2
Let z(l) = l**2 + 11*l + 36. Give z(-4).
8
Let p(k) = 16*k. Give p(1).
16
Let h(k) = k**3 - 2*k**2 - 9. Determine h(3).
0
Let c(u) = 65*u**3 - 2*u**2 - 3*u - 2. Calculate c(-1).
-66
Let v(z) = z**3 + 5*z**2 + 2*z + 5. Give v(-5).
-5
Let y(m) = m**3 + 13*m**2 - 12*m - 9. Give y(-14).
-37
Let t(q) = q**3 - 17*q**2 + 3*q - 27. Determine t(17).
24
Let s(q) = -q**3 + q**2 - 3*q - 4. Calculate s(3).
-31
Let u(c) = c**3 + 6*c**2 - 9*c + 23. Determine u(-8).
-33
Let h(y) = -y**3 - 2*y**2 + 2*y + 1. Give h(-2).
-3
Let z(k) = -k**3 + 10*k**2 + 10*k + 6. Determine z(11).
-5
Let v(u) = -u**2 - 12*u - 9. What is v(-12)?
-9
Let t(u) = -u**3 - 11*u**2 - 15*u - 13. Give t(-10).
37
Let r(f) = 5*f + 1. What is r(-4)?
-19
Let y(o) = 30*o + 2. Calculate y(2).
62
Let l(t) = -2*t**3 - 10*t**2 + 3*t - 2. Give l(-5).
-17
Let x(m) = m**2 - m + 1. Determine x(-7).
57
Let y(z) = z**3 - 11*z**2 + 30*z - 8. What is y(7)?
6
Let n(i) = i**3 - 2*i**2 - 4*i - 3. Determine n(-2).
-11
Let y(k) = 4*k + 4. What is y(8)?
36
Let b(r) = 4*r + 9. Calculate b(-3).
-3
Let l(d) = -2*d**3 + 28*d**2 - 27*d + 17. Calculate l(13).
4
Let h(x) = 2*x**2 + 24*x - 7. Calculate h(-12).
-7
Let m(j) = -8*j - 94. Calculate m(-13).
10
Let l(f) = 3*f**2 - 11*f + 88. Give l(6).
130
Let g(x) = x**3 + 35*x**2 - 36*x - 16. Give g(-36).
-16
Let k(r) = -r**3 - 14*r**2 - 9*r - 27. Calculate k(-13).
-79
Let u(m) = m**3 + 20*m**2 + 20*m + 8. What is u(-19)?
-11
Let m(a) = -a**2 - 10*a + 16. What is m(-12)?
-8
Let h(f) = f**2 - 15*f + 16. What is h(14)?
2
Let l(y) = 79*y**3 + 2*y**2 - y - 1. Calculate l(1).
79
Let k(m) = m**3 + 10*m**2 + 3*m + 29. Give k(-10).
-1
Let c(a) = 12*a**2 + 4*a. Calculate c(-1).
8
Let p(v) = v**3 - 8*v**2 + 4*v - 1. Calculate p(6).
-49
Let y(w) = w**2 + 31*w + 71. Give y(-29).
13
Let k(t) = t**2 - 4*t - 23. Determine k(10).
37
Let l(f) = f**2 - 9*f - 1